2607?
2
What is the tens digit of 5219472?
7
What is the hundreds digit of 31050063?
0
What is the hundred thousands digit of 881313?
8
What is the hundred thousands digit of 2231420?
2
What is the hundred thousands digit of 24435063?
4
What is the hundred thousands digit of 1706108?
7
What is the millions digit of 9153863?
9
What is the millions digit of 1005011?
1
What is the units digit of 16990949?
9
What is the tens digit of 23560?
6
What is the hundred thousands digit of 17512658?
5
What is the thousands digit of 315002?
5
What is the ten thousands digit of 3226460?
2
What is the hundred thousands digit of 3013243?
0
What is the hundred thousands digit of 6766873?
7
What is the thousands digit of 499496?
9
What is the units digit of 21721014?
4
What is the hundred thousands digit of 11944702?
9
What is the hundreds digit of 237261?
2
What is the thousands digit of 248099?
8
What is the thousands digit of 18417910?
7
What is the hundreds digit of 5753378?
3
What is the tens digit of 335444?
4
What is the units digit of 1473614?
4
What is the thousands digit of 4005784?
5
What is the hundreds digit of 3264449?
4
What is the hundreds digit of 2834824?
8
What is the ten thousands digit of 410321?
1
What is the millions digit of 2373241?
2
What is the thousands digit of 33461?
3
What is the hundreds digit of 630163?
1
What is the tens digit of 5759617?
1
What is the ten thousands digit of 1850924?
5
What is the hundred thousands digit of 4006801?
0
What is the millions digit of 15995187?
5
What is the millions digit of 2621854?
2
What is the ten thousands digit of 7719600?
1
What is the millions digit of 31283645?
1
What is the thousands digit of 780840?
0
What is the hundred thousands digit of 226813?
2
What is the tens digit of 9793310?
1
What is the hundred thousands digit of 1858742?
8
What is the millions digit of 2562357?
2
What is the tens digit of 236490?
9
What is the tens digit of 20988925?
2
What is the hundred thousands digit of 2160850?
1
What is the units digit of 1240907?
7
What is the hundreds digit of 77172?
1
What is the tens digit of 59936?
3
What is the tens digit of 242392?
9
What is the units digit of 6061878?
8
What is the ten thousands digit of 821424?
2
What is the ten thousands digit of 1793188?
9
What is the hundreds digit of 2072114?
1
What is the hundreds digit of 21925163?
1
What is the thousands digit of 271376?
1
What is the ten thousands digit of 230787?
3
What is the tens digit of 415719?
1
What is the tens digit of 454969?
6
What is the ten thousands digit of 375161?
7
What is the hundred thousands digit of 234729?
2
What is the hundred thousands digit of 3624021?
6
What is the ten thousands digit of 1004459?
0
What is the thousands digit of 1390211?
0
What is the thousands digit of 555182?
5
What is the thousands digit of 366841?
6
What is the thousands digit of 415186?
5
What is the units digit of 5501993?
3
What is the hundred thousands digit of 6420924?
4
What is the ten thousands digit of 3703842?
0
What is the hundreds digit of 152387?
3
What is the units digit of 1698760?
0
What is the hundreds digit of 327120?
1
What is the thousands digit of 1490098?
0
What is the hundred thousands digit of 36460461?
4
What is the ten thousands digit of 161737?
6
What is the ten thousands digit of 80440?
8
What is the thousands digit of 1146337?
6
What is the units digit of 662564?
4
What is the hundreds digit of 176241?
2
What is the tens digit of 20165938?
3
What is the hundred thousands digit of 483726?
4
What is the thousands digit of 518885?
8
What is the tens digit of 1143277?
7
What is the millions digit of 25558498?
5
What is the tens digit of 3254203?
0
What is the millions digit of 6527170?
6
What is the ten thousands digit of 699624?
9
What is the thousands digit of 760127?
0
What is the hundred thousands digit of 452512?
4
What is the tens digit of 429928?
2
What is the units digit of 81449?
9
What is the hundreds digit of 13574732?
7
What is the tens digit of 1549035?
3
What is the thousands digit of 11488525?
8
What is the units digit of 3597188?
8
What is the hundreds digit of 5399554?
5
What is the hundreds digit of 298834?
8
What is the tens digit of 1715583?
8
What is the millions digit of 2211749?
2
What is the millions digit of 10569545?
0
What is the thousands digit of 593301?
3
What is the hundreds digit of 3992994?
9
What is the thousands digit of 9690583?
0
What is the hundred thousands digit of 1176902?
1
What is the hundred thousands digit of 418924?
4
What is the tens digit of 855656?
5
What is the hundred thousands digit of 3384435?
3
What is the hundred thousands digit of 134746?
1
What is the ten millions digit of 19214656?
1
What is the ten thousands digit of 174833?
7
What is the thousands digit of 24395497?
5
What is the hundred thousands digit of 1664214?
6
What is the hundred thousands digit of 8970504?
9
What is the units digit of 192983?
3
What is the thousands digit of 3274250?
4
What is the tens digit of 346432?
3
What is the thousands digit of 451266?
1
What is the units digit of 888207?
7
What is the units digit of 1013215?
5
What is the thousands digit of 35138?
5
What is the thousands digit of 527794?
7
What is the hundred thousands digit of 405595?
4
What is the hundred thousands digit of 375675?
3
What is the ten thousands digit of 58753?
5
What is the hundred thousands digit of 830687?
8
What is the thousands digit of 50403?
0
What is the millions digit of 20570356?
0
What is the units digit of 16309393?
3
What is the tens digit of 18029?
2
What is the hundreds digit of 4126446?
4
What is the hundreds digit of 2851090?
0
What is the hundred thousands digit of 17419155?
4
What is the units digit of 757339?
9
What is the millions digit of 16359407?
6
What is the tens digit of 155572?
7
What is the ten thousands digit of 18629?
1
What is the thousands digit of 95170?
5
What is the thousands digit of 53011?
3
What is the hundred thousands digit of 1877655?
8
What is the thousands digit of 127901?
7
What is the hundred thousands digit of 548595?
5
What is the hundred thousands digit of 492168?
4
What is the hundred thousands digit of 450024?
4
What is the thousands digit of 302249?
2
What is the ten thousands digit of 1793959?
9
What is the ten millions digit of 14024830?
1
What is the tens digit of 303178?
7
What is the ten thousands digit of 5024979?
2
What is the hundreds digit of 1523173?
1
What is the millions digit of 2770324?
2
What is the units digit of 1103269?
9
What is the thousands digit of 6688139?
8
What is the millions digit of 5599610?
5
What is the millions digit of 27488029?
7
What is the thousands digit of 5635431?
5
What is the hundred thousands digit of 1386622?
3
What is the thousands digit of 9131931?
1
What is the hundred thousands digit of 2862688?
8
What is the millions digit of 3453353?
3
What is the ten thousands digit of 1500430?
0
What is the hundreds digit of 1441910?
9
What is the hundreds digit of 29460155?
1
What is the thousands digit of 4640757?
0
What is the hundred thousands digit of 9342033?
3
What is the units digit of 24484635?
5
What is the hundreds digit of 397642?
6
What is the units digit of 411293?
3
What is the hundreds digit of 476764?
7
What is the hundreds digit of 26497?
4
What is the hundreds digit of 7562287?
2
What is the millions digit of 1998592?
1
What is the hundreds digit of 616622?
6
What is the units digit of 3562642?
2
What is the tens digit of 8053?
5
What is the thousands digit of 1218734?
8
What is the ten thousands digit of 17776343?
7
What is the ten thousands digit of 225060?
2
What is the thousands digit of 1945029?
5
What is the units digit of 6535954?
4
What is the tens digit of 1161344?
4
What is the thousands digit of 976683?
6
What is the tens digit of 156766?
6
What is the tens digit of 459232?
3
What is the hundred thousands digit of 420679?
4
What is the hundreds digit of 732818?
8
What is the units digit of 1100514?
4
What is the tens digit of 453769?
6
What is the hundred thousands digit of 1330052?
3
What is the hundred thousands digit of 370856?
3
What is the tens digit of 6693711?
1
What is the ten thousands digit of 201098?
0
What is the hundred thousands digit of 1139832?
1
What is the th